k, -2*x + 3*x = -2*k + 18. Suppose 71 = c - k. What is the tens digit of c?
7
Suppose 0 = -30*v + 3*v + 138807. What is the tens digit of v?
4
What is the units digit of (147611/969)/((-2)/(-264))?
8
Suppose -27*r = 35*r - 19*r - 481342. What is the thousands digit of r?
1
Let s = 1123 + -645. Suppose 0 = -3*p + 41 + s. Suppose 3*m + p = l, -5*l - 2*m = 2*m - 808. What is the tens digit of l?
6
Let j = -406 - -424. Suppose -40*t + 29678 = -j*t. What is the tens digit of t?
4
Suppose 30*t - 256928 = 24*t + 2*j, 4*t - j - 171288 = 0. What is the ten thousands digit of t?
4
What is the thousands digit of ((5 - 27)*-1)/((-2)/(-105))?
1
Suppose -117 + 149 = 4*m. What is the units digit of (m/7)/(18/9513)?
4
Let n(k) be the second derivative of -k**4/12 - 10*k**3/3 + 3*k**2 - 2*k. Suppose 0 = -7*b - 154 + 56. What is the tens digit of n(b)?
9
Let f(y) = y**3 + 27*y**2 + 28*y + 54. Let l be f(-26). Suppose -4*v + 440 = -3*k, 5*v = l*k + 77 + 473. What is the units digit of v?
0
Let m(r) = -r**3 - 10*r**2 - 11*r - 21. Let n be m(-9). Let i be ((-2374)/n)/(38/57). Suppose -73 - i = -9*s. What is the tens digit of s?
4
Let c(r) = -r**2 - 10*r - 21. Let d be c(-7). Suppose d = 51*t - 53*t + 694. What is the hundreds digit of t?
3
Let t(s) = 4713*s**3 - 9*s**2 - 28*s + 69. What is the ten thousands digit of t(2)?
3
Let h(g) = -113 - 5*g + 177 + 12*g + g**2. What is the units digit of h(-19)?
2
Let a be (-26)/(-1) + (-3 - -2). Suppose -4*n - a = -2*s + 27, -2*s = 5*n - 79. Suppose -g + 7 = -s. What is the tens digit of g?
3
Let g(v) = -8*v + 123. Let h be g(15). Suppose u - o = 3*o + 628, 5*u = -h*o + 3071. What is the tens digit of u?
1
Suppose 0 = -82*r + 78*r + 2476. Let j = r - 4. What is the hundreds digit of j?
6
Let f = -408 + 421. Let k = 1092 + f. What is the units digit of k?
5
Suppose -d + 5*r = -2810, 3*d - 9265 = -2*r - 852. What is the thousands digit of d?
2
Let s(a) = -2 + 5*a + 8*a**2 + 9*a**2 - 18*a**2 - 4. Let o be s(5). What is the tens digit of (-1)/o - (-8)/((-192)/(-2660))?
1
Suppose -29 = 7*u - 8. Let h(g) = -3*g**3 - g**2 - 9*g - 6. Let j(d) = d**3 - d + 1. Let o(n) = u*j(n) + h(n). What is the units digit of o(-2)?
7
Suppose 0 = 3*m - 2*m - 1. Let c be -2 + 5 - m - (-1 - 0). What is the tens digit of ((-352)/(-6) + c)/(2/6)?
8
Let j = -1391 + 808. Let c = j + 1247. What is the tens digit of c?
6
Suppose -5*z = -457 - 613. Suppose -9*l + z + 2495 = 0. What is the tens digit of l?
0
Let x(w) = w**3 - 26*w**2 - 29*w - 6. Let s be x(29). Let c = s - 901. What is the tens digit of c?
7
Let o(s) = 46*s**2 + 72*s + 24. Let f be o(12). Suppose -123*w + f = -111*w. What is the units digit of w?
6
Suppose 3*s = -2*j + 1819 + 5399, -2*j + 4*s = -7176. What is the hundreds digit of j?
6
Let p(n) = -n**3 - 13*n**2 - 26*n + 44. Let q be p(-10). Suppose -4*g + 6180 = -q*h, 5*g - 6*g - h + 1545 = 0. What is the thousands digit of g?
1
Let x = 169 + -167. Suppose 3*b = x*b + 5*f + 85, 4 = -f. What is the units digit of b?
5
Let z(m) = 3487*m + 539. What is the ten thousands digit of z(3)?
1
Suppose -4*u - 5*p + 146816 = 0, -35*p + 34*p = -4. What is the thousands digit of u?
6
Suppose 0 = -10*g + 4*g - 6420. What is the tens digit of 14/56 + g/(-8)?
3
Let g be 19*(2 - 7)*-1. Let t = -158 + 164. Suppose -t*x + x + g = 0. What is the units digit of x?
9
Suppose -2*z + 1381 - 433 = 0. Suppose -2*r + 356 + z = 0. Suppose -5*x + r = -4*o, -332 = -4*x - 0*o + o. What is the units digit of x?
3
Suppose 8*f = -5 - 3, g = 2*f + 2358. What is the tens digit of g?
5
Let n(x) = 37*x**3 - 4*x**2 + 22*x - 4. Let q(d) = 37*d**3 - 5*d**2 + 27*d - 5. Let f(v) = 6*n(v) - 5*q(v). What is the hundreds digit of f(2)?
2
Let v = -19190 - -68897. What is the hundreds digit of v?
7
Let y = -146 + 144. What is the units digit of (6634 + y)/8 - -9?
8
Let p = -920 + 2601. What is the hundreds digit of p?
6
Let q = -15 + 38. Let f(u) = 5*u**3 - 2*u**2 + 3*u - 2. Let l be f(1). Suppose -5*w - q = -s, -l*s + w + 16 = -0*s. What is the units digit of s?
3
Let a = -151 - -163. Suppose a*m - 550 - 770 = 0. What is the tens digit of m?
1
Let i = -1167 - -1620. What is the tens digit of i?
5
Suppose 23857 = 2*s + k - 12660, 5*s + 2*k = 91289. What is the ten thousands digit of s?
1
Suppose 2*r - 16 = 3*h + 153, 0 = -5*h - 5. Suppose -2*m - 5*d = 2*m - 107, -3*m - d + r = 0. Suppose 0 = -2*l + m + 142. What is the tens digit of l?
8
Let x = -7531 + 15701. What is the thousands digit of x?
8
Suppose 25 = 5*q, -q + 210967 = -2*b - 42830. What is the units digit of 4/18 - (b/72)/7?
2
Let v = -6 + 2. Let f be (v - -5)*(-108)/(-2 + 3). Let c = f - -254. What is the hundreds digit of c?
1
Suppose -4*q = 0, 26234 - 7869 = 5*u - 2*q. Let j = -1804 + u. What is the hundreds digit of j?
8
What is the hundreds digit of ((-20896)/(-2) - -4)/((-42)/(-63))?
6
Let k(o) = o**2 - 5*o - 26. Let m be k(9). Let s(a) = a**3 + 11*a - 7*a + m*a**2 + 3*a + 0*a + 8. What is the units digit of s(-7)?
6
Suppose -3 = -3*y, 2*y - 5*y = -3*i + 93291. What is the ten thousands digit of i?
3
Suppose 0 = y - 177 - 189. Let t be ((-88)/3)/(12/(-252)). Let n = t - y. What is the hundreds digit of n?
2
Suppose 2*w + 4481 = -c + 194, -15 = -5*c. Let i = -1437 - w. What is the units digit of i?
8
Let f = -128 - -424. Let s = 481 - f. What is the hundreds digit of s?
1
Suppose 1 - 7 = 3*t, 0 = 3*s + 3*t + 12. Let m(q) be the first derivative of -19*q**4/4 - 4*q**3/3 - q**2/2 + 4*q - 15. What is the tens digit of m(s)?
4
Suppose 4*i + 5*o = 370894, 25*i - 20*o = -19*o + 2317894. What is the hundreds digit of i?
7
Suppose -19*p + 9*p + 141480 = 0. What is the hundreds digit of p?
1
Let h(c) = 410*c - 637. Let d(v) = 136*v - 213. Let a(n) = -7*d(n) + 2*h(n). What is the hundreds digit of a(-6)?
0
Suppose 2*a - 12 + 22 = -3*b, 5*a = -b + 1. Let q(o) = -71*o + 21. Let l(y) = -18*y + 5. Let h(u) = -26*l(u) + 6*q(u). What is the tens digit of h(a)?
3
Let w = 7859 - 2231. What is the thousands digit of w?
5
Let w(i) = 7*i - 20. Let k be w(6). Let p = k + -22. Suppose -4*x - 5*z + 313 = p, -7*x + z = -6*x - 85. What is the tens digit of x?
8
Let j be 3/6 - 45/(-10) - -2470. Suppose -s = 3*g - 6*g - 495, -j = -5*s + 3*g. What is the units digit of s?
5
Suppose -158*r + 2588177 = -1565327. What is the thousands digit of r?
6
Let r(p) be the first derivative of p**6/180 - p**5/12 + 7*p**4/12 - 13*p**3/3 - 21. Let i(z) be the third derivative of r(z). What is the tens digit of i(8)?
6
Suppose 68991 = -48*t + 406237 + 384242. What is the thousands digit of t?
5
What is the ten thousands digit of 535260/46 - (-114)/(-1311)?
1
Let g(w) = 2*w + 29. Let j(v) = 3*v + 28. Let a(x) = 4*g(x) - 3*j(x). Let s be 166/(-10) - 321/(-535). What is the tens digit of a(s)?
4
Let w be -67 + -1 + -4 + 0. Let p = -209 - w. Let f = 350 + p. What is the tens digit of f?
1
Suppose 3*o + 2*f = 13, -5*o + 2*f - 4*f = -19. Suppose 2*p + o*h - h = -1292, -12 = -4*h. What is the units digit of p/(-7) - (-6)/21?
3
Let u = -287 + 287. Suppose -4*p + 5*l = -2255, p = -u*l + 4*l + 572. What is the tens digit of p?
6
Let w = 1203 + -792. Suppose -w - 69 = -2*q. What is the units digit of q?
0
Suppose 5*l = 3*j + 437, -2*l = -j + 3*j + 302. Let v = j + 581. Suppose 0 = 4*b - 32 - v. What is the tens digit of b?
1
Let y be ((-3458)/28)/(1/(-2))*-1. Let d = 622 + y. What is the hundreds digit of d?
3
Suppose 59917 - 98037 = -27*r + 103279. What is the thousands digit of r?
5
Suppose 52*h = 22*h - 34*h + 1350336. What is the ten thousands digit of h?
2
Suppose 47*f = 5*d + 46*f - 20442, 5*f = -3*d + 12254. What is the units digit of d?
8
What is the hundreds digit of 488/(-6)*((-1329)/12 - (-25 + 26))?
0
Suppose -23*a + 9*a = 74970. What is the units digit of 14/((-10)/a*9)?
3
Suppose 14 = 4*j + 2*a, 5*j - 17 = j - 5*a. Suppose 85 = j*p - 440. What is the tens digit of p?
7
Let b(a) = -a**2 - 44*a + 110. Let d be ((-56)/6 - -3)*6. What is the hundreds digit of b(d)?
3
Suppose 33*v + 39686 = -v + 954252. What is the units digit of v?
9
Suppose -36*d + 202712 = -7960. What is the hundreds digit of d?
8
Suppose 22*v + 206976 = 78*v. What is the hundreds digit of v?
6
Suppose 51 = -h - 3. Let t = h - -1202. What is the hundreds digit of t?
1
Let c = -460 - -478. What is